 What is the hundreds digit of v?
2
Let b(u) = -u**2 + 26*u - 66. Let k be b(23). Suppose 0 = -h - k*o + 1132, 2*o + 1157 = -7*h + 8*h. What is the thousands digit of h?
1
Suppose 3*a = 3*i + 105, 2*i = 4*a + 4*i - 122. Suppose 4*q - 3714 = -a*l + 27*l, -l - 2*q + 744 = 0. What is the tens digit of l?
4
Suppose 0 = 5*i + 15, -12 = -p + i - 5. Suppose -p*y + 76 + 1840 = 0. What is the units digit of y?
9
Let z(g) = g**3 - 6*g**2 - 93*g + 31. Let f be z(13). Let m(p) = 81*p + 34. What is the tens digit of m(f)?
3
Suppose -8*z + 3 = -45. Let q(x) = 3*x**3 - 8*x**2 - 5*x + 22. Let l be q(z). Suppose -4*y + 7*h = 11*h - l, -y = 4*h - 82. What is the tens digit of y?
9
Let l(k) = k**2 + 2*k + 40. Let t be l(0). Suppose -42*y = -t*y - 1764. What is the hundreds digit of y?
8
Let k be (3/2)/(7/14). Suppose -k = j + 2*j - p, -9 = -3*p. What is the tens digit of (j - 24/10)/(8/(-500))?
5
Suppose 35*s = -7660 + 149165. What is the tens digit of s?
4
Suppose -c - 2*o = -10508, 33*o - 30*o = -4*c + 42042. What is the tens digit of c?
1
Let a = 53244 - 18001. What is the tens digit of a?
4
Let y(w) be the second derivative of 35*w**3/3 + 3*w**2/2 + 35*w. Let t(j) = -j - 1. Let s(n) = -3*t(n) - y(n). What is the units digit of s(-3)?
1
Suppose -2*y = -a - 110 - 54, 0 = -3*a - 12. Suppose -109*t = -y*t - 39527. What is the tens digit of t?
6
Let r(c) = -c**3 + 6*c**2 - 9. Let o be r(5). Suppose -d + o = d. Suppose -3*m + d*m - 180 = 0. What is the units digit of m?
6
Suppose 4*l + 780 = 4*r, 354 + 21 = -2*l - r. Let h(v) = -v**3 - 3*v**2 - 11*v + 47. Let i be h(4). Let c = i - l. What is the units digit of c?
1
Let z(f) = 8*f**3 + 3*f**2 + 20. Let m(r) = -8*r**3 - 2*r**2 + 4*r - 19. Let v(g) = -3*m(g) - 4*z(g). What is the hundreds digit of v(-5)?
8
Let d = 1841 + -10141. Let j be -5 - (-4 - (-18 + 10) - 1). What is the hundreds digit of -1*j/10*d/(-40)?
1
Let c(i) be the first derivative of i**4/4 + 4*i**3 - 9*i**2/2 + 56*i - 54. What is the units digit of c(-11)?
6
Let n be (-9)/((-18)/10) + (-725)/(-1). Suppose 3*w + 2*m - 1102 = 0, w - n = -w + m. What is the units digit of w?
6
Let j(o) = 193*o - 7. Let a(k) = -97*k + 3. Let w(n) = -5*a(n) - 2*j(n). Let g be w(4). Suppose -4*z - 8 = 0, d + 5*z = 6*d - g. What is the units digit of d?
7
Let u = -12545 + 14368. What is the hundreds digit of u?
8
Let c(v) = -497*v**3 + 5*v**2 + 16*v - 1. What is the hundreds digit of c(-3)?
4
Let k(j) = 1283*j + 6031. What is the hundreds digit of k(18)?
1
Suppose 0*o + 12 = 4*j + 4*o, -5*j + 39 = -3*o. What is the units digit of 1186 - j*10/(-15)?
0
Let o(p) = -166*p + 2417. What is the tens digit of o(-26)?
3
Suppose 3*h + g = -35 + 396, -2*g = h - 122. Suppose -h = z + 48. Let u = 371 + z. What is the units digit of u?
3
Let v = -184 + 124. Let f = v - -105. Suppose 3*d = 4*r - f - 206, 3*d = -2*r + 139. What is the tens digit of r?
6
Let m = -94 + 97. Suppose -l - 20 = m*l. What is the hundreds digit of (209 - -2) + 6 + l?
2
Suppose 5*o - 6*o = -49. Let k = o + -46. Suppose k*b + 6 = 0, -3*s = -s - 2*b - 318. What is the units digit of s?
7
Let q(r) be the second derivative of -r**5/20 + 5*r**4/12 + r**3/2 - 2*r**2 + 2*r. Suppose 2*p - 20*p = 36. What is the tens digit of q(p)?
1
Suppose -5*t + 341*v = 344*v - 31251, -5*t + 3*v = -31209. What is the tens digit of t?
4
Suppose 4*v - 18 = -4*n + 5*v, 2*n + 3*v = 2. Suppose -n*b - 30 = -6*b. Suppose 20 = 5*f + b. What is the units digit of f?
1
Let c be 1/(6/(-9))*686/21. Let f = -262 - c. Let k = -14 - f. What is the units digit of k?
9
Suppose -b + 68675 = -10*b + 180752. What is the hundreds digit of b?
4
Suppose -65*r + 183*r + 57*r - 1167600 = 0. What is the tens digit of r?
7
Let q be (-141)/(-12) - 4/(-16). Suppose 0 = 18*d + 2259 - 7173. Suppose h + q = d. What is the tens digit of h?
6
Let n be 5 - (-16)/(-8)*(-1)/(-1). Suppose -i + 2320 = 4*t, n*i + 1740 = 10*t - 7*t. What is the tens digit of t?
8
Let v(k) = 14592*k**2 + 33*k - 74. What is the thousands digit of v(2)?
8
Let y be ((-840)/(-98))/(2/7). Suppose 3*d = 3*w - 3318, 35*w + 2*d - 5509 = y*w. What is the units digit of w?
3
Suppose 171*p = 579281 + 647473. What is the units digit of p?
4
Let d = -15076 - -30459. What is the tens digit of d?
8
Let l(y) = 7*y + 373. Let u be l(-45). Suppose -69*i + 6545 = -u*i. What is the hundreds digit of i?
5
Let m = -13906 + 40612. What is the thousands digit of m?
6
Suppose -84*v + 8*v = -526300. What is the hundreds digit of v?
9
Let x = -2162 + 2721. What is the hundreds digit of x?
5
Suppose -20*s + 387 = -29*s. Let x = 187 - s. What is the units digit of x?
0
Let t(k) = -k**3 + 10*k**2 + 3*k - 9. Let n be t(7). Suppose -2*o + 4*c + 526 = 0, -3*o - 2*c + 6*c + 797 = 0. Let r = o - n. What is the tens digit of r?
1
Suppose -d - 4*d = 655. Let j = 34 - 103. Let a = j - d. What is the units digit of a?
2
Suppose 0 = -287*o + 303*o - 419200. What is the tens digit of o?
0
Suppose 5*a - 188 = 932. Let x be 20/(-5) - (102/(-1))/6. Suppose 0 = 17*v - x*v - a. What is the tens digit of v?
5
What is the hundreds digit of ((5 - 0)/5)/5 + 57684/30?
9
Let i(a) = -4142*a + 22. What is the hundreds digit of i(-1)?
1
Let j be -380*((-30)/12 - -3). Let z = j + 321. What is the hundreds digit of z?
1
Suppose v - 2*f - 10 = 0, 5*v + 2 = 9*f - 12*f. Suppose c - 686 = -3*n, 0 - v = 2*c. What is the tens digit of n?
2
Suppose -237*l + 227*l = 0. Suppose -2*m - k + 1174 = 254, l = -m + 3*k + 453. What is the units digit of m?
9
Let l be (-49 + 48)*2*1. What is the hundreds digit of 1132 + l - (1 - -1)?
1
Suppose 2*m = 4*z + 312, 3*m + 2*m = 4*z + 786. Suppose 6*a - m = 430. Let l = -39 + a. What is the units digit of l?
9
Suppose -3*d = -6*d + 405. Let w = -976 - -980. Suppose 9*v - d = w*v. What is the units digit of v?
7
Suppose -53*s + 1469140 = 94*s - 2*s. What is the ten thousands digit of s?
1
Let s(i) = -12*i + 66. Let f be s(5). Suppose -16672 = -f*l - 10*l. What is the thousands digit of l?
1
Let n(c) = -c**2 + 23*c + 51. Let p be n(25). Let o(b) = 62*b**3 + 5*b**2 + b - 3 + b**3 - 6*b**2 + 2. What is the tens digit of o(p)?
6
What is the tens digit of (-171)/(-3)*(-55279)/(-159)?
1
What is the hundreds digit of (-18)/3 - (-10224)/8*14?
8
Suppose -17*i = -10*i - 28. Suppose -3028 = -2*j - i*q, -j - 3004 = -3*j + 2*q. What is the units digit of j?
6
Suppose 519*k - 259*k - 258*k - 27714 = 0. What is the ten thousands digit of k?
1
Let a = 56 - 34. Let h be (a + -1)*-2 - 4. Let o = h + 104. What is the units digit of o?
8
Let w(t) be the second derivative of t**5/20 + t**4/12 + t**3/2 + 2*t**2 - 47*t. What is the tens digit of w(5)?
6
Let y(p) = 2*p**3 + p + 813. Let f(i) = i**3 + 29*i**2 - 29*i + 30. Let s be f(-30). What is the tens digit of y(s)?
1
Let w(r) = -21*r + 1789. What is the units digit of w(-61)?
0
Let y(r) = 2304*r - 4270. What is the tens digit of y(28)?
4
Suppose 5*j - k - 60390 = -11632, 5*k = 35. What is the hundreds digit of j?
7
Suppose 5*l = -2*m + 5460, -23 + 3 = 4*m. What is the hundreds digit of l?
0
Suppose 43*m + 7*m - 5247260 = -66*m. What is the hundreds digit of m?
2
Suppose -21*u + 36*u + 188994 = 93*u. What is the thousands digit of u?
2
Suppose 0 = -40*p + 75*p - 119945. What is the hundreds digit of p?
4
Suppose -70 = -34*o + 24*o. Suppose -o*u + 250 = -65. What is the units digit of u?
5
Suppose -27 = -0*a - a - 3*m, 0 = 3*a + 4*m - 56. Let y be -3*(-2)/a*(-20)/(-2). Suppose -4*k = -3 - 13, y*k - 28 = -f. What is the units digit of f?
8
Suppose 5*f - 5*r = 785, 4*f - 384 - 220 = -4*r. Let h be 13/5 + (-16)/10. What is the units digit of h + (-2)/(-4)*f?
8
Let w(g) = 334*g + 56. Let k be w(4). Suppose -3*r + k = 330. What is the hundreds digit of r?
3
Suppose 42*i - 23*i = 16340. What is the units digit of i?
0
Let g = 15641 + -3979. What is the thousands digit of g?
1
Let i(k) = 47*k - 54. Let q(j) = 3*j - 2. Let w(p) = i(p) - 3*q(p). What is the tens digit of w(27)?
7
Let d(y) = -560*y + 478. What is the hundreds digit of d(-12)?
1
Let b(h) = -5*h**3 - 3*h**2 + 15*h - 10*h - 7*h. Let w(v) = v**3 + 8*v**2 + 6*v - 9. Let j be w(-7). What is the units digit of b(j)?
2
Let h = -3 + 2. Let j(s) be the second derivative of -7*s**5/2 - s**4/6 - s**3/6 + 288*s. What is the tens digit of j(h)?
6
Su